 = -493 - 3*s + 493 - 3*s**2 + 4*s**2. Calculate t(5).
10
Let y = 7 - 1. Suppose 0 = 4*q - q + y. Let n(u) = -2*u - u - u**2 - 3 + 0*u**2. Give n(q).
-1
Let k be (-1*2)/(2/(-6)). Suppose -4*i = -4*n - 0 + 24, 5*n + 4*i + k = 0. Let a(q) = -7 - 2*q + n + 3. Determine a(-3).
4
Suppose 2*a = -4*t + 16 + 12, 3*t - 35 = -5*a. Let y = 2 - a. Let p(o) = o**3 + o**2 + 2. Give p(y).
-2
Let w = 49 - 43. Let f(n) = n - 12. Give f(w).
-6
Let k(r) = -r**3 - 4*r**2 + 5*r + 2. Suppose 5*p = 4*s - 9 - 4, -4*s - 22 = 2*p. Calculate k(p).
2
Let o(k) = -2*k**2 + 4 - 3*k - 7*k**2 + 17*k**2 - 7*k**2. Calculate o(6).
22
Let q(u) = 7 - 3*u - 5*u + 0*u - u**2 + 3*u. Suppose -30 = 2*d + 3*d. Determine q(d).
1
Let q(x) = 5*x**2 - 5*x + 5. Let n(v) = 9*v**2 - 10*v + 10. Let w(h) = 4*n(h) - 7*q(h). Give w(4).
1
Let v(o) be the third derivative of o**5/12 + o**4/12 - o**3/6 - 9*o**2. Determine v(-2).
15
Let j(z) = z**2 + 4*z + 1. Let o be j(-4). Let k(a) be the first derivative of 5 + 1/3*a**3 + 2*a**4 - 1/2*a**2 + a. Give k(o).
9
Let n(i) = -31*i**3 - 10*i**2 - 7*i - 4. Let g(v) = 21*v**3 + 7*v**2 + 5*v + 3. Let o(j) = -7*g(j) - 5*n(j). What is o(1)?
8
Let t(m) = 20*m + 3. Let y(l) = l + 1. Let b(h) = t(h) - 4*y(h). Determine b(1).
15
Let s(i) = 7*i**2 + 5*i + 13. Let l(t) = -11*t**2 - 7*t - 19. Let f(n) = -5*l(n) - 8*s(n). Give f(-6).
-15
Let j(s) be the third derivative of 3*s**4/8 - 18*s**2. Determine j(-1).
-9
Let u(s) be the first derivative of s**4/4 + 2*s**3/3 - 2*s**2 - 3*s - 1. Let w = -2 - 1. Determine u(w).
0
Let l(b) = 0*b**3 + 6*b**3 - 5*b**3 - 1 - b + 0*b**3 - 3*b**2. Determine l(3).
-4
Let a(k) = -k**2 - 7*k. Let y(j) = j**2 + 8*j + 1. Let c(g) = -3*a(g) - 4*y(g). What is c(-10)?
6
Suppose 5*k - 4 = 1. Let f(n) = 2*n + 3 - 5 - k. Suppose 3*v - 11 - 4 = -3*a, -4*a = 3*v - 16. Determine f(v).
5
Suppose -j - 220 = -6*j. Let p be (-1)/4 + j/(-16). Let t(u) = -2*u**2 + 2*u + 7. Let w(v) = -v**2 - v + 1. Let k(r) = p*w(r) + t(r). Determine k(-3).
-2
Let d be ((-2)/(-3))/((-8)/(-36)). Let t be (-1 + d)/2 + 4. Suppose -3*c - r - 2*r - 3 = 0, 0 = t*c - r + 11. Let h(p) = 2*p**2 + 3*p + 1. Give h(c).
3
Let c(v) = -3*v - 372*v**2 + 371*v**2 - 3 - 2*v. What is c(-5)?
-3
Let h(u) = -1. Let a(d) = d + 5. Let c(j) = -j**3 - 5*j**2 - 4*j + 1. Let m be c(-4). Let o(p) = m*a(p) - 3*h(p). Calculate o(-6).
2
Let d(c) = -2 - 4*c + 1 + 6*c + 0. Give d(1).
1
Let s(u) = -3*u**3 - 3 + 2*u**2 + 2*u**3 + 2*u**2 + 5*u - 2*u**2. Let i be s(3). Let w(t) = -2 - t - 2*t**i - 6*t**2 + 0*t + 3*t**3. Determine w(6).
-8
Let g be (-8)/6*3 - 2. Let l(i) = -i**2 - 7*i - 7. Give l(g).
-1
Let l = -4 - -8. Let w be (-1)/l + (-85)/(-20). Let u(z) = z**2 + z. Let p(n) = 4*n**2 + 9*n + 2. Let x(r) = -p(r) + 5*u(r). Calculate x(w).
-2
Let h(l) = -l**2 - 7*l + 11. Let x be h(-9). Let y = x - -8. Let p(f) = -3*f - 1. Determine p(y).
-4
Let r = -8 - -15. Let o(m) = -r*m - 3 + 1 + 4*m - m**2. What is o(-3)?
-2
Let i(c) = c**3 - c**2 - 5*c + 4. Let p(y) be the first derivative of y**2 + y + 3. Let o be p(1). Let j be (o/(-6))/(3/(-18)). What is i(j)?
7
Let o(z) = z**3 + 6*z**2 + 5*z - 3. Suppose -4*c = 5*d + 21, -d - 3*d + 2*c - 22 = 0. Give o(d).
-3
Let q(j) = -j - 4. Let v be q(-6). Suppose -4*m + 5*u + 11 = 0, 4*m - 22 = -m - v*u. Let d(c) = -c**2 + 2*c + 3. Determine d(m).
-5
Let m(k) = k**2 - 3*k + 1. Let c(i) be the third derivative of -i**5/60 - 7*i**4/24 + 3*i**3/2 + 4*i**2. Let y be c(-8). Calculate m(y).
-1
Let p be (-1)/(2*3/(-30)). Let i(z) be the first derivative of -z**5/20 + 5*z**4/12 - 2*z**2 + z + 2. Let q(a) be the first derivative of i(a). What is q(p)?
-4
Suppose -4*j = -2*j - 2. Let f(o) = 2*o + 1. Determine f(j).
3
Let k(t) be the first derivative of t**2/2 - 10*t - 45. Calculate k(7).
-3
Let p(w) be the third derivative of -w**6/120 - w**5/60 - w**4/24 - 2*w**3/3 - 8*w**2. What is p(0)?
-4
Let r(v) = -2*v + 1. Let n = -23 - -38. Suppose -k - 4*k + n = 0. What is r(k)?
-5
Suppose -4*f + y = -3*f - 5, 2*y = -4*f - 4. Let g(d) = -7*d**3 + 2*d**2 - 2*d + 1. What is g(f)?
-6
Suppose 5*t - 16 = -v, 0*t + 2*t + 4 = -3*v. Let d = 8 + v. Let w(r) = 2*r - 2. Determine w(d).
6
Let q(m) = m**2 - m + 2. Suppose -9*f = -5*f. What is q(f)?
2
Let w be (-2 - (-14)/8)*-2. Let u(n) be the second derivative of w*n**2 + 1/3*n**3 - 2*n + 0. Determine u(-2).
-3
Let j(i) = -11*i + 6. Let y(z) = -33*z + 12. Let t(c) = -8*c + 3. Let h(w) = -9*t(w) + 2*y(w). Let d(o) = -7*h(o) - 4*j(o). Give d(5).
7
Let i(k) = -2*k**3 + 2*k - 1. Let y = 4 - 3. Give i(y).
-1
Let u = 21 - 15. Let h(c) = 5*c**3 + 3*c**2 - 3*c + 2. Let a(r) = r**3 + r**2 - r + 1. Let m(w) = u*a(w) - h(w). Calculate m(-4).
0
Suppose -23 = -4*g - 2*r + r, -4*r = 4*g - 20. Let c be g/(3 - 0)*1. Let d(s) = 4*s - 3. Determine d(c).
5
Suppose 26*g + 30 = 29*g. Let s(l) = l**3 - 11*l**2 + 9*l + 11. Calculate s(g).
1
Let d(r) = -4*r**2 - r. Let g = -8 - -12. Suppose 7*z - 12 = g*z. Suppose -x + 5 = z*x. What is d(x)?
-5
Suppose w + 12 = -2*w. Let h(f) = f**2 - 1. Let q(u) = -u**3 - 7*u**2 + u + 5. Let j(t) = 3*h(t) + q(t). Calculate j(w).
-2
Let g(m) = 4*m - 1. Let b(n) be the second derivative of n**2/2 + 3*n. Let s(v) = 4*b(v) + g(v). Determine s(-2).
-5
Let q(u) = u**3 + 8*u**2 - 11*u - 4. Let d be q(-9). Let w = -6 + d. Let y = w + -8. Let b(s) = s**3 + s**2 - s - 5. What is b(y)?
-5
Let k(t) = t**3 + 4*t**2 - t - 5. Let l(x) = x**3 + 3*x**2 - x - 4. Let a(v) = 5*k(v) - 6*l(v). Calculate a(2).
1
Let u(x) = 3*x**3 - 6*x**2 - 8*x + 1. Let q(v) = 4*v**3 - 9*v**2 - 12*v + 1. Let n(h) = -5*q(h) + 7*u(h). Let y be n(-2). Let i(w) = -4*w - 2. Determine i(y).
6
Let t(b) = -4*b + 2. Let q(s) = -2*s + 1. Let a(i) = -11*q(i) + 6*t(i). Let g be 6/9 - 26/(-6). Let h(x) = -x**2 + 5*x - 1. Let j be h(g). What is a(j)?
3
Let a(d) = 3*d**3 + 2*d**2 - 1 - d**2 + 5*d - 4*d. Let s = 11 - 7. Suppose 5*u - 1 = -k, s*u + u = -4*k + 4. Determine a(k).
4
Let u(p) = -2*p**3 + 19*p**2 + 18*p - 25. Let b(v) = 3*v**3 - 29*v**2 - 27*v + 38. Let f(w) = 5*b(w) + 8*u(w). Give f(8).
-2
Let b(m) be the third derivative of -m**5/20 - m**4/3 - m**3 + 9*m**2. Let k(n) = n**2 + 4*n + 3. Let x(p) = 2*b(p) + 5*k(p). What is x(6)?
-9
Let p(k) be the second derivative of -7*k**3/6 + k**2/2 - 10*k. Give p(1).
-6
Let d = 0 + 3. Let h(n) = -2*n**2 + 5*n + 2. Let z(u) = u. Let c(t) = -h(t) + 2*z(t). Determine c(d).
7
Let r(b) be the second derivative of -b**5/20 + b**4/12 + b**3/2 - b**2/2 - b + 18. What is r(2)?
1
Let y(r) be the second derivative of r**5/20 - 5*r**4/12 + r**3/2 + r**2 - 16*r. Suppose -4*j = 5*q - 0*q, 0 = -5*q + 2*j + 30. Give y(q).
-2
Let f(m) be the third derivative of 2*m**2 - 1/60*m**5 + 0*m - 1/6*m**4 - 1/6*m**3 + 0. Let k(n) = n - 7. Let v be k(5). Give f(v).
3
Let z(d) = -d**3 + 7*d**2 - 6*d - 6. Let a be z(6). Let y = 8 + a. Let x(s) = -3*s**2 + 1. Calculate x(y).
-11
Let y = 53 + -54. Let n(u) = 3*u - 1. Give n(y).
-4
Let y(t) = t**2 - 4*t - 3. Let s = 33 + -28. Determine y(s).
2
Let s(n) = -n**3 + n**2 + 3*n + 1. Let m(l) = -3*l**3 + 2 - l**2 + 0 + 3*l**2 + 2*l**2 + 8*l. Let f = 13 + -20. Let y(j) = f*s(j) + 2*m(j). Give y(-3).
-6
Let l(v) = v. Let y be (-2)/(-10) - (-80)/(-25). Give l(y).
-3
Let s(c) = -c - 1. Let q = -21 - -24. Let v(l) = -5*l - 9. Let t(a) = q*s(a) - v(a). Calculate t(-5).
-4
Let r(a) = -4 + a**3 + 5*a**2 - 2*a**3 - 6*a + 6. Let b = 1 + -7. Let d be -3*(-8)/b*-1. Determine r(d).
-6
Let k(m) = -5*m + 2. Suppose 2*y - 6 = -18. Let h(r) = -r**3 - 5*r**2 + 6*r + 2. Let g be h(y). What is k(g)?
-8
Let w(d) = d**2 + 5*d + 5. Let k be (2 - 4) + -1*2. Determine w(k).
1
Let j(p) = 4*p**2 - 3*p + 5*p - 4*p + 0*p. What is j(2)?
12
Let o(p) be the second derivative of p**4/12 - 3*p**3/2 - 4*p**2 - p. Let w be o(10). Let g(c) = -6*c - c + 3*c + w*c - 3. Give g(3).
-9
Let b(r) be the third derivative of 0 - 1/6*r**3 - 1/24*r**4 + 0*r - r**2. Determine b(0).
-1
Let a(f) = -f**2 + f - 1. Let o(i) = -i**3 + 2*i**2 + 7*i - 12. Let h(y) = -5*a(y) + o(y). Determine h(7).
7
Let p(c) = -7*c. Let a(r) = -2*r**2. Let i be a(-1). Give p(i).
14
Let f be (1 + 1)*3/(-2). Let h(r) = -4*r - 7. Let s(z) = -z - 1. Let w(p) = -h(p) + 3*s(p). Determine w(f).
1
Suppose 0 = 2*b + 2*b - 12. Let v(k) = -1 + 5 + 4*k - b*k - 2*k. Give v(3).
1
Let y(v) = -v**2 + 4*v + 2. Let p(w) = -3